-14
Let y(d) = -d**3 + d**2 + 19*d - 10. Calculate y(5).
-15
Let y(a) = -a**3 - 3*a**2 - 5*a - 25. Give y(-3).
-10
Let s(u) = u**2 - 13*u + 23. What is s(8)?
-17
Let q(x) = -x**2 + 7*x - 16. What is q(5)?
-6
Let g(d) = -d**2 - 10. Determine g(-7).
-59
Let f(g) = g**2 + 5*g + 6. Determine f(-8).
30
Let a(c) = c + 13. Determine a(-6).
7
Let o(x) = -x**2 + 3*x + 3. Give o(-4).
-25
Let g(b) = b**3 - 19*b**2 - 41*b - 41. Calculate g(21).
-20
Let i(d) = d**3 + 3*d**2 + 3*d + 4. Determine i(-3).
-5
Let p(b) = b**2 - 9. What is p(-6)?
27
Let c(s) = 5*s + 130. Calculate c(-26).
0
Let v(x) = x**2 + 13*x - 6. Determine v(-11).
-28
Let t(p) = -3*p - 6. Calculate t(-6).
12
Let t(o) = -o**2 + 14*o - 28. Calculate t(3).
5
Let u(n) = -4*n - 3. Calculate u(0).
-3
Let s(m) = -m**3 - m**2 - m - 41. Calculate s(0).
-41
Let a(t) = -3*t**2 + 11*t - 5. Determine a(4).
-9
Let k(b) = -b**3 - 4*b**2 + b - 1. Determine k(-5).
19
Let v(z) = z - 1. Give v(-1).
-2
Let n(v) = 3*v**3 + 43*v**2 + 15*v + 22. Give n(-14).
8
Let q(y) = 2*y + 41. Calculate q(-24).
-7
Let w(c) = c**2 + 12*c + 27. Calculate w(-8).
-5
Let j(c) = 59*c**3 - c. Determine j(-1).
-58
Let x(s) = -s**3 + 8*s**2 + 8*s - 14. Calculate x(7).
91
Let d(u) = 13*u + 28. What is d(-2)?
2
Let k(m) = m**3 - 10*m. Calculate k(-3).
3
Let s(b) = 4*b**2 - 2*b + 1. Calculate s(2).
13
Let s(u) = -5*u + 2. What is s(3)?
-13
Let h(m) = m + 29. What is h(-29)?
0
Let w(f) = 4*f**3 - f**2 - 3*f + 2. What is w(2)?
24
Let i(x) = -x**3 + 6*x**2 + 7*x - 10. Calculate i(7).
-10
Let q(a) = -a**3 + 5*a**2 + 8*a + 11. Calculate q(6).
23
Let g(x) = -30*x + 58. What is g(2)?
-2
Let f(b) = -b**3 + 7*b**2 + b + 66. What is f(8)?
10
Let r(q) = q + 19. Determine r(6).
25
Let o(y) = y**3 - y**2 - 6*y - 5. Determine o(5).
65
Let o(q) = 81*q + 3. What is o(1)?
84
Let j(y) = -3*y - 12. What is j(-6)?
6
Let a(d) = -d + 9. What is a(-13)?
22
Let v(y) = 11*y + 38. Give v(-4).
-6
Let c(a) = a**2 + 3*a - 5. What is c(-5)?
5
Let t(w) = -w**3 + 4*w**2 + 9*w - 10. Give t(5).
10
Let y(c) = -2*c - 18. What is y(-8)?
-2
Let w(r) = -4*r**2 - 3*r - 4. Calculate w(-4).
-56
Let g(p) = -p**3 - 9*p**2 - 22*p - 28. Determine g(-6).
-4
Let j(t) = -2*t**2 + 10*t + 2. Calculate j(5).
2
Let c(l) = 4*l - 24. Give c(4).
-8
Let h(b) = 2*b**2 + 2*b. What is h(-2)?
4
Let m(z) = -21*z + 133. Calculate m(6).
7
Let r(q) = q**3 - 13*q**2 + 14*q - 23. Calculate r(12).
1
Let t(c) = 2*c - 38. Calculate t(17).
-4
Let v(x) = 6*x**2 - 112*x + 60. Determine v(18).
-12
Let l(z) = -z**2 - 7*z + 2. Calculate l(-7).
2
Let b(v) = -v - 4. What is b(2)?
-6
Let i(n) = 3*n**2 - n - 4. What is i(2)?
6
Let h(z) = 2*z**2 + 26*z - 6. Give h(-13).
-6
Let s(x) = x**3 - 2*x**2. Give s(2).
0
Let w(g) = 12*g - 172. What is w(14)?
-4
Let x(f) = 22*f**2 + 5*f - 1. Determine x(-1).
16
Let h(x) = -x**3 - 7*x**2 + x - 52. Determine h(-8).
4
Let r(m) = -2*m**3 + 13*m**2 + 25*m - 13. What is r(8)?
-5
Let y(k) = k**3 + 7*k**2 - 44*k + 16. Give y(-11).
16
Let n(r) = -2*r**2 - 7*r. Determine n(-5).
-15
Let l(n) = -n + 22. Calculate l(44).
-22
Let w(k) = k**2 + 23*k - 413. Determine w(12).
7
Let d(c) = -3*c**2 - 115*c + 236. Calculate d(2).
-6
Let c(h) = h**3 + 10*h**2 + 7*h - 14. Calculate c(-9).
4
Let h(k) = -3*k**3 + 2*k**2 + k - 2. Determine h(1).
-2
Let g(p) = 167*p - 1173. Determine g(7).
-4
Let j(n) = 4*n + 41. Determine j(-11).
-3
Let d(b) = b**3 + 2*b**2 + b + 19. Calculate d(-3).
7
Let i(o) = -9*o + 7. Give i(2).
-11
Let i(v) = 33*v - 85. What is i(3)?
14
Let q(u) = u - 26. Determine q(23).
-3
Let i(j) = 5*j**2 - 4*j - 10. Determine i(-2).
18
Let s(r) = -r**3 - 8*r**2 - 22. Give s(-8).
-22
Let j(g) = -4*g - 20. What is j(-9)?
16
Let y(o) = -o**3 - 5*o**2 + 9*o + 21. Determine y(-6).
3
Let j(m) = m**3 + 12*m**2 + 9*m - 6. Calculate j(-11).
16
Let d(g) = -2*g + 10. Give d(8).
-6
Let w(t) = 2*t**2 + 3*t - 1. Determine w(-3).
8
Let q(y) = y**3 + 6*y**2 + y + 11. What is q(-6)?
5
Let u(k) = 3*k**3 - 3*k**2 + 4*k - 4. Determine u(2).
16
Let b(y) = 4*y - 6. Give b(2).
2
Let k(c) = -19*c + 16. Calculate k(-2).
54
Let l(u) = -u - 83. Determine l(-21).
-62
Let b(v) = 18*v - 9. Calculate b(4).
63
Let x(q) = q**2 + 18*q + 59. Calculate x(-13).
-6
Let o(v) = v**2 - 2*v + 10. Calculate o(6).
34
Let w(x) = x**3 - 4*x**2 - 10*x - 17. Calculate w(6).
-5
Let f(n) = n**3 + 3*n**2 + 6*n + 9. What is f(-2)?
1
Let n(b) = -b**3 + 2*b**2 - 2*b - 17. Determine n(0).
-17
Let t(r) = -r**3 + 9*r**2 + 9*r + 5. What is t(10)?
-5
Let i(p) = -p**3 - 61*p**2 - 111*p + 421. What is i(-59)?
8
Let v(i) = -4*i**2 + 3*i + 9. What is v(-3)?
-36
Let l(w) = -3*w - 55. What is l(-13)?
-16
Let h(a) = -a. What is h(11)?
-11
Let z(x) = 12*x - 1. Determine z(-2).
-25
Let x(b) = 2*b**3 + b. What is x(-2)?
-18
Let h(i) = -3*i + 35. What is h(13)?
-4
Let b(p) = -p**3 + 12*p**2 + 26*p + 2. Give b(14).
-26
Let u(n) = -47*n - 5. Calculate u(0).
-5
Let i(n) = n**2 - 5*n + 3. Give i(6).
9
Let a(h) = h**2 - h + 5. Determine a(4).
17
Let q(s) = s**3 + 7*s**2 + 14*s + 11. Calculate q(-5).
-9
Let v(d) = -3*d**3 - 2*d**2 + 2*d + 4. Give v(-2).
16
Let s(n) = -n**3 - 40*n**2 - 51*n - 453. Calculate s(-39).
15
Let o(z) = -z**3 + z**2 - 2*z + 80. Calculate o(0).
80
Let n(g) = -g**2 - 9*g - 16. What is n(-12)?
-52
Let z(p) = -72*p - 8. Determine z(-2).
136
Let d(m) = -m - 1. What is d(-5)?
4
Let k(w) = 14*w + 96. Determine k(-6).
12
Let r(b) = 2*b + 3. Give r(4).
11
Let r(w) = -w**3 + 2*w**2 + 6*w - 12. Determine r(5).
-57
Let b(h) = -h + 3. Calculate b(2).
1
Let d(j) = -j**3 - 19*j**2 - 25*j + 146. Calculate d(-17).
-7
Let m(q) = -3*q**2 - 8. Determine m(0).
-8
Let b(p) = p**2 - 14*p + 9. Give b(15).
24
Let z(s) = -s**3 + 7*s**2 + 15*s - 53. Calculate z(8).
3
Let b(s) = 3*s**2 - 176*s + 753. What is b(54)?
-3
Let l(j) = j**3 + 34*j**2 - 78*j - 223. Calculate l(-36).
-7
Let l(j) = j**3 - 13*j**2 + 10*j + 10. What is l(12)?
-14
Let m(i) = i**3 + 10*i**2 - 10*i + 9. What is m(-11)?
-2
Let d(w) = -w**2 + 2*w - 2. Give d(4).
-10
Let r(w) = w**3 + 17*w**2 + w + 15. Determine r(-17).
-2
Let n(b) = b**3 + 25*b**2 + 22*b + 58. Give n(-24).
106
Let z(h) = -9*h**2 - 4*h - 3. Give z(-1).
-8
Let d(z) = z**2 - 20*z + 14. Give d(18).
-22
Let g(p) = p**2 + 21*p - 65. Determine g(-22).
-43
Let d(y) = 2*y**2 - 10*y - 11. Give d(0).
-11
Let g(i) = -i**3 + 5*i**2 + 3*i - 1. What is g(3)?
26
Let r(a) = -a**2 + 3. Give r(-5).
-22
Let z(h) = -2*h**2 + 203*h - 3. Determine z(0).
-3
Let h(k) = -k**3 - 12*k**2 + 2*k + 1. What is h(-12)?
-23
Let b(n) = -n**2 - 17*n + 18. What is b(-18)?
0
Let o(l) = l**3 - l**2 - l - 3. What is o(0)?
-3
Let q(r) = -25*r - 49. Determine q(-2).
1
Let o(q) = 4*q - 17. Calculate o(12).
31
Let g(s) = 16*s + 58. Determine g(-3).
10
Let d(m) = m**3 - 10*m**2 - 5*m + 129. Determine d(9).
3
Let n(z) = z**2 + 7*z - 46. Calculate n(-13).
32
Let h(f) = -8*f + 37. What is h(6)?
-11
Let x(j) = j**2 - 13*j + 6. Give x(13).
6
Let a(z) = -z**3 - 7*z**2 - 8*z - 6. What is a(-6)?
6
Let g(h) = -2*h**2 - 36*h - 37. What is g(-18)?
-37
Let h(b) = 23*b**3 + 2*b**2 + b. Calculate h(-1).
-22
Let c(t) = -5*t - 18. What is c(-5)?
7
Let i(t) = 4*t**2 + 2*t - 3. What is i(2)?
17
Let g(r) = -r + 12. Give g(14).
-2
Let s(y) = -y**2 - 12*y - 8. Calculate s(-10).
12
Let z(a) = a**2 + 14*a + 10. Calculate z(-14).
10
Let o(h) = -5*h. Give o(-3).
15
Let y(z) = -z**2 + 15*z - 3. What is y(14)?
11
Let o(v) = v**3 - 21*v**2 - 3*v + 14. Calculate o(21).
-49
Let u(c) = -7*c + 3. Determine u(0).
3
Let a(z) = z**2 - z + 7. Give a(0).
7
Let c(f) = 9*f**3 + 2*f**2 - f - 2. Calculate c(-1).
-8
Let q(m) = -m**2 - 12*m - 10. Calculate q(-10).
10
Let y(o) = -7*o - 2. Give y(6).
-44
Let o(c) = -c**2 - 19*c + 42. Give o(-21).
0
Let t(g) = g**3 + 9*g**2 + 2*g + 23. What is t(-9)?
5
Let f(h) = -6*h**2 - 7*h - 3. Give f(-2).
-13
Let j(r) = -2*r**2 + 9*r - 12. Determine j(5).
-17
Let u(i) = 4*i**2 - 2*i - 39. Give u(6).
93
Let t(f) = -44*f**2 + 7*f - 13. Calculate t(2).
-175
Let w(c) = -c**3 - c**2 + c - 2. What is w(2)?
-12
Let t(p) = 156*p - 1711. What is t(11)?
5
Let t(x) = -x**3 + 6*x**2 - 3*x - 3. What is t(4)?
17
Let z(r) = 9*r - 223. Give z(24).
-7
Let h(j) = j**2 - j - 120. Determine h(-10).
-10
Let n(y) = y**3 + 6*y**2 - y - 5. What is n(-5)?
25
Let t(n) = n**2 + 23*n + 85. Calculate t(-18).
-5
